{"id":28,"date":"2025-10-10T18:01:50","date_gmt":"2025-10-10T18:01:50","guid":{"rendered":"https:\/\/www.alandersukuseura.fi\/?page_id=28"},"modified":"2026-01-12T16:57:31","modified_gmt":"2026-01-12T16:57:31","slug":"yhteystiedot","status":"publish","type":"page","link":"https:\/\/www.alandersukuseura.fi\/?page_id=28","title":{"rendered":"Yhteystiedot"},"content":{"rendered":"\n<p class=\"has-text-align-left\">Sukuseuran web-sivut &#8211; <\/p>\n\n\n\n<p class=\"has-text-align-center\"><a href=\"https:\/\/www.alandersukuseura.fi\">https:\/\/www.alandersukuseura.fi<\/a><\/p>\n\n\n\n<p>Sukuseuran s\u00e4hk\u00f6postit &#8211;<\/p>\n\n\n\n<p class=\"has-text-align-center\">info@alandersukuseura.fi<\/p>\n\n\n\n<p class=\"has-text-align-center\">puheenjohtaja@alandersukuseura.fi<\/p>\n\n\n\n<p class=\"has-text-align-center\">sihteeri@alandersukuseura.fi<\/p>\n\n\n\n<p class=\"has-text-align-center\">Jos haluat l\u00e4hett\u00e4\u00e4 s\u00e4hk\u00f6postia niin kopioi s\u00e4hk\u00f6postiosoite hiiren oikealla painikkeella oman s\u00e4hk\u00f6postiohjelmasi osoiteriville.<\/p>\n\n\n\n<p><\/p>\n\n\n\n<p>Facebook sivu &#8211; <\/p>\n\n\n\n<p class=\"has-text-align-center\"><a href=\"https:\/\/www.facebook.com\/AlanderinSukuseura\">https:\/\/www.facebook.com\/AlanderinSukuseura<\/a><\/p>\n\n\n\n<p><\/p>\n","protected":false},"excerpt":{"rendered":"<p>Sukuseuran web-sivut &#8211; https:\/\/www.alandersukuseura.fi Sukuseuran s\u00e4hk\u00f6postit &#8211; info@alandersukuseura.fi puheenjohtaja@alandersukuseura.fi sihteeri@alandersukuseura.fi Jos haluat l\u00e4hett\u00e4\u00e4 s\u00e4hk\u00f6postia niin kopioi s\u00e4hk\u00f6postiosoite hiiren oikealla painikkeella oman s\u00e4hk\u00f6postiohjelmasi osoiteriville. Facebook sivu &#8211; https:\/\/www.facebook.com\/AlanderinSukuseura<\/p>\n","protected":false},"author":1,"featured_media":0,"parent":0,"menu_order":0,"comment_status":"closed","ping_status":"closed","template":"","meta":{"footnotes":""},"class_list":["post-28","page","type-page","status-publish","hentry"],"_links":{"self":[{"href":"https:\/\/www.alandersukuseura.fi\/index.php?rest_route=\/wp\/v2\/pages\/28","targetHints":{"allow":["GET"]}}],"collection":[{"href":"https:\/\/www.alandersukuseura.fi\/index.php?rest_route=\/wp\/v2\/pages"}],"about":[{"href":"https:\/\/www.alandersukuseura.fi\/index.php?rest_route=\/wp\/v2\/types\/page"}],"author":[{"embeddable":true,"href":"https:\/\/www.alandersukuseura.fi\/index.php?rest_route=\/wp\/v2\/users\/1"}],"replies":[{"embeddable":true,"href":"https:\/\/www.alandersukuseura.fi\/index.php?rest_route=%2Fwp%2Fv2%2Fcomments&post=28"}],"version-history":[{"count":7,"href":"https:\/\/www.alandersukuseura.fi\/index.php?rest_route=\/wp\/v2\/pages\/28\/revisions"}],"predecessor-version":[{"id":345,"href":"https:\/\/www.alandersukuseura.fi\/index.php?rest_route=\/wp\/v2\/pages\/28\/revisions\/345"}],"wp:attachment":[{"href":"https:\/\/www.alandersukuseura.fi\/index.php?rest_route=%2Fwp%2Fv2%2Fmedia&parent=28"}],"curies":[{"name":"wp","href":"https:\/\/api.w.org\/{rel}","templated":true}]}}