{"id":16,"date":"2025-10-10T18:01:37","date_gmt":"2025-10-10T18:01:37","guid":{"rendered":"https:\/\/www.alandersukuseura.fi\/?page_id=16"},"modified":"2025-12-18T18:13:54","modified_gmt":"2025-12-18T18:13:54","slug":"sukukokoukset","status":"publish","type":"page","link":"https:\/\/www.alandersukuseura.fi\/?page_id=16","title":{"rendered":"Sukukokoukset"},"content":{"rendered":"\n<p class=\"has-text-align-center\"><strong><mark style=\"background-color:#F7C35F\" class=\"has-inline-color has-secondary-color\">Seuraava <\/mark><mark style=\"background-color:#F7C35F\" class=\"has-inline-color\">sukukokous Mikkeliss\u00e4 12.6.2027.<\/mark><\/strong><\/p>\n\n\n\n<p class=\"has-text-align-center\">Tarkempaa tietoa esim. paikasta ja p\u00e4iv\u00e4n ohjelmasta l\u00e4hemp\u00e4n\u00e4 ko. p\u00e4iv\u00e4\u00e4. <\/p>\n\n\n\n<p><\/p>\n\n\n\n<p class=\"has-text-align-center\"><a href=\"https:\/\/mikkeli.fi\/\"><strong><mark><mark style=\"background-color:#fcb900\" class=\"has-inline-color\">Tutustu Mikkeliin t\u00e4st\u00e4 linkist\u00e4<\/mark><\/mark><\/strong><\/a><\/p>\n\n\n\n<p><\/p>\n\n\n\n<p>Edelliset sukukokoukset:<\/p>\n\n\n\n<ol class=\"wp-block-list\">\n<li>Sukuseuran perustava kokous 1994, Marjola, Lappeenranta<\/li>\n\n\n\n<li>Sukutapaaminen 1995, Runnin kylpyl\u00e4, Iisalmi<\/li>\n\n\n\n<li>Sukukokous 1996, Runnin kylpyl\u00e4, Iisalmi<\/li>\n\n\n\n<li>Sukukokous 1998, Kylpyl\u00e4hotelli Rauhalahti, Kuopio<\/li>\n\n\n\n<li>Sukukokous 2000, Portaanp\u00e4\u00e4n kristillinen opisto, Lapinlahti<\/li>\n\n\n\n<li>Sukukokous 2002, Runnin kylpyl\u00e4, Iisalmi<\/li>\n\n\n\n<li>Sukukokous 2004, Kylpyl\u00e4hotelli Kuntoranta, Varkaus<\/li>\n\n\n\n<li>Sukukokous 2006, Muikunlahden Kartano, Viitasaari<\/li>\n\n\n\n<li>Sukukokous 2008, Hirsikankaan leirikeskus, Sukeva<\/li>\n\n\n\n<li>Sukukokous 2010, Haapaniemen matkailu, Iisalmi<\/li>\n\n\n\n<li>Sukukokous 2012, Koljonvirran leirint\u00e4alue, Iisalmi<\/li>\n\n\n\n<li>Sukukokous 2014, Hotelli Seurahuone, Iisalmi<\/li>\n\n\n\n<li>Sukukokous 2016, Runnin kylpyl\u00e4, Iisalmi<\/li>\n\n\n\n<li>Sukukokous 2018, Kylpyl\u00e4hotelli Kunnonpaikka, Siilinj\u00e4rven Vuorela<\/li>\n\n\n\n<li>Sukukokous 2022, Runnin kylpyl\u00e4, Iisalmi<\/li>\n\n\n\n<li>Sukukokous 2024, Kylpyl\u00e4hotelli Kunnonpaikka, Siilinj\u00e4rven Vuorela<\/li>\n<\/ol>\n\n\n\n<p class=\"has-text-align-center\"><a href=\"https:\/\/www.alandersukuseura.fi\/?page_id=244\" data-type=\"page\" data-id=\"244\">T\u00e4st\u00e4 p\u00e4\u00e4set katsomaan sukukokouskuvia<\/a><\/p>\n\n\n\n<p><\/p>\n","protected":false},"excerpt":{"rendered":"<p>Seuraava sukukokous Mikkeliss\u00e4 12.6.2027. Tarkempaa tietoa esim. paikasta ja p\u00e4iv\u00e4n ohjelmasta l\u00e4hemp\u00e4n\u00e4 ko. p\u00e4iv\u00e4\u00e4. Tutustu Mikkeliin t\u00e4st\u00e4 linkist\u00e4 Edelliset sukukokoukset: T\u00e4st\u00e4 p\u00e4\u00e4set katsomaan sukukokouskuvia<\/p>\n","protected":false},"author":1,"featured_media":0,"parent":0,"menu_order":0,"comment_status":"closed","ping_status":"closed","template":"","meta":{"footnotes":""},"class_list":["post-16","page","type-page","status-publish","hentry"],"_links":{"self":[{"href":"https:\/\/www.alandersukuseura.fi\/index.php?rest_route=\/wp\/v2\/pages\/16","targetHints":{"allow":["GET"]}}],"collection":[{"href":"https:\/\/www.alandersukuseura.fi\/index.php?rest_route=\/wp\/v2\/pages"}],"about":[{"href":"https:\/\/www.alandersukuseura.fi\/index.php?rest_route=\/wp\/v2\/types\/page"}],"author":[{"embeddable":true,"href":"https:\/\/www.alandersukuseura.fi\/index.php?rest_route=\/wp\/v2\/users\/1"}],"replies":[{"embeddable":true,"href":"https:\/\/www.alandersukuseura.fi\/index.php?rest_route=%2Fwp%2Fv2%2Fcomments&post=16"}],"version-history":[{"count":14,"href":"https:\/\/www.alandersukuseura.fi\/index.php?rest_route=\/wp\/v2\/pages\/16\/revisions"}],"predecessor-version":[{"id":304,"href":"https:\/\/www.alandersukuseura.fi\/index.php?rest_route=\/wp\/v2\/pages\/16\/revisions\/304"}],"wp:attachment":[{"href":"https:\/\/www.alandersukuseura.fi\/index.php?rest_route=%2Fwp%2Fv2%2Fmedia&parent=16"}],"curies":[{"name":"wp","href":"https:\/\/api.w.org\/{rel}","templated":true}]}}